 remainder when m is divided by x?
17
What is the remainder when 1078 is divided by 12 - (14441/(-28) - 6/24)?
22
Suppose 4*n - 5*v - 89 = 0, 5*n = -4*v - 41 + 142. What is the remainder when 2550 is divided by n?
9
Let c = 79 - 59. What is the remainder when c is divided by (10/(-6))/((-25)/45)?
2
Suppose 710 = 12*r + 2*r - 1558. Calculate the remainder when r is divided by 39.
6
Let r = 8538 - 7012. What is the remainder when r is divided by 139?
136
Let l(m) = -1313*m + 10494. What is the remainder when l(7) is divided by 50?
3
Let w(j) = -2*j**3 + 5*j**2 - 49*j - 603. What is the remainder when w(-10) is divided by 396?
11
Suppose 0 = -3*s + s + 188. Let t(q) = 2*q - 11. Let n be t(6). Suppose -11*u + 131 = -n. Calculate the remainder when s is divided by u.
10
Suppose 8 = 4*o + 12, i + 3*o = 34. Calculate the remainder when 88 is divided by i.
14
Let i(z) = z - 2. Let m(g) = 30*g - 105. Let c(d) = -2*i(d) + m(d). What is the remainder when c(6) is divided by 26?
15
Let a(p) = -p**3 - 11*p**2 + 35*p - 15. Let r be a(-14). Let s = -80 + r. Suppose -2*q + s*q = 12. What is the remainder when 68 is divided by q?
8
Let k(q) = -1428*q + 2. Let s be k(-1). Let t be s/44 + 1/(-2). Let y = 92 - t. Calculate the remainder when y is divided by 9.
6
Let k be (13/(-26))/(2/(-284))*1. Suppose -p + 4*p = d - k, -1 = p. What is the remainder when d is divided by 25?
18
Let f = 11664 + -11656. Calculate the remainder when 4174 is divided by f.
6
Let d be (-7)/28 - 3*7/(-4). Suppose 4*j = -8, 0*j + 38 = 4*x - d*j. Calculate the remainder when 88 is divided by x.
4
Let u(x) = 6*x**3 + 252*x**2 - 17*x - 60. Calculate the remainder when u(-42) is divided by 80.
14
Calculate the remainder when (2 + -5)*((-29)/3)/(9/72) is divided by 33.
1
Suppose -2*u + 10 = -q, -4*q - 7 = -2*u + 3. Suppose j = -3*x + 13, -4*j - 2*x - 4 + 46 = q. What is the remainder when 84 is divided by (-11)/(1/(-5)*j/4)?
18
Let w(d) be the second derivative of d**5/20 - 17*d**4/12 + 5*d**3/3 + 45*d**2/2 - 3*d + 7. Calculate the remainder when w(17) is divided by 12.
11
Let o be (2/(-10) + -1)/(80/(-4600)). Let k = o - 64. Suppose 0*d - 3*d + 24 = 5*h, k*h + 5*d - 30 = 0. What is the remainder when 13 is divided by h?
1
Let q(g) = 10*g**2 + 133. Calculate the remainder when q(-7) is divided by 91.
77
Let a(l) = -5011*l - 20034. Calculate the remainder when -1 + 59*(2 - 1) is divided by a(-4).
8
Let s = -250 - -265. Suppose -s*r + 8*r + 119 = 0. What is the remainder when r is divided by 5?
2
Let x = 276 + -278. Let u(y) = -2*y**3 + 2*y**2 + 2*y - 2. What is the remainder when u(x) is divided by 8?
2
Suppose -3*u + 21 = -3*d - 0, 2*u = 3*d + 15. Let a be 0 - (u - 6)*3/(-6). Calculate the remainder when 23 is divided by -2*(a + 20/(-8)).
3
Let d(z) = -z**3 - 13*z**2 + 51*z + 55. What is the remainder when 989 is divided by d(-16)?
2
Suppose 570*q - 160*q - 2859340 = 0. Calculate the remainder when q is divided by 436.
434
Let z(v) = 2*v - 20. Let f be z(10). Suppose y + t - 4 = f, 0 = -y - 5*t - 4 + 16. Suppose 3*c - 185 = -y*c. Calculate the remainder when c is divided by 13.
11
Suppose 4*v - 429 = -5*j, -23*v + 28*v - 5*j = 480. What is the remainder when 341 is divided by v?
38
Let q = 49 + -23. What is the remainder when 151 - (-22)/(18 + -7) is divided by q?
23
Let c be 1596/(-8)*((-6216)/9)/(-2). Calculate the remainder when 2/(-5) - c/185 is divided by 21.
15
Suppose 6*c - 7760 - 10828 = 0. Calculate the remainder when c is divided by 66.
62
Suppose 0 = -8*p + 132 - 108. What is the remainder when -2*(-5 + p + (-139)/2) is divided by 2?
1
Suppose -23*n + 25*n - 11776 = 0. Suppose -3*k + 4*y + 5 = 1, 5*k = 4*y + 12. Calculate the remainder when (-1)/(-3) + (n/24)/23 is divided by k.
3
Suppose 9*p - 1641 = 3903. Let t = p - 437. Calculate the remainder when t is divided by 7.
4
Suppose -7*y + 1243 = -1277. Calculate the remainder when (114/(-76))/((-2)/y) is divided by 16.
14
Let h(k) = -8*k - 203. Let y be h(-26). Calculate the remainder when (26 - (4 - y))*8/3 is divided by 19.
15
Suppose -25 = -a - 3. Suppose -128 = u - 3*d + 6*d, d + 567 = -4*u. Let m = 151 + u. What is the remainder when a is divided by m?
6
Let b = -106 - -98. What is the remainder when ((-8)/(-12))/((-2)/(-357)) is divided by b/12 + (-148)/(-6)?
23
Let c = 4253 + -4240. Calculate the remainder when 741 is divided by c.
0
Suppose 10*r = 12*r + p + 80, 3*r = 4*p - 120. Let q be 93 - 1 - 2/(-2). Let u = q + r. What is the remainder when u is divided by 14?
11
Let z = -363 - -550. Let t(h) = -2 - 3*h**2 - 4 + 20 + 22*h. What is the remainder when z is divided by t(6)?
35
Suppose -f + 4*f = 30. Suppose -g + f = -6. Let r(i) = 16*i**2 + 344*i + 681. Calculate the remainder when r(-2) is divided by g.
9
Let o(b) = b**3 - 5*b**2 - 14*b + 57. Let z be o(6). Calculate the remainder when -8*z/126 - (-333)/7 is divided by (8/(-6))/(2/(-9)).
5
Let g(l) = 17*l**2 + 171*l - 4. What is the remainder when g(-11) is divided by 106?
66
Suppose -15251*c + 15240*c = -429. What is the remainder when 736 is divided by c?
34
Let g(r) = -4*r**2 + 1. Let m be g(1). Let d be (-18)/2 - (-16 - 48/(-6)). What is the remainder when 35 is divided by d - m - (6 + -2 + -5)?
2
Suppose 3*h - y - 4*y - 405 = 0, -5*y = -4*h + 540. What is the remainder when h is divided by 36?
27
Suppose 1153 - 1217 = -c - 3*a, 12 = 4*a. Calculate the remainder when 439 is divided by c.
54
Let j = -16 - -7. Suppose -12 = g - 30. What is the remainder when g is divided by 0 - (j + (-3)/(-1))?
0
Let c = 33 - 31. Suppose 2*p + 0*p + 16 = 2*g, 5*p + 22 = c*g. Calculate the remainder when ((-238)/(-51))/(2*2/g) is divided by 3.
1
Let u = 10033 + -446. Calculate the remainder when u is divided by 34.
33
Let z(c) = -c**3 + 3*c**2 + 41*c - 6. Let s be z(8). Suppose 0*h + 4 = -i - 3*h, 0 = s*i + 3*h - 7. What is the remainder when 164 is divided by i?
10
Suppose 22*c = -2*c + 888. Let d(i) = -12*i + 45. Calculate the remainder when d(-5) is divided by c.
31
Let d(o) = -103*o - 47 + 51*o + 45*o. Let q(s) = 2*s**3 + 36*s**2 + 33*s - 28. Let m be q(-17). Calculate the remainder when d(m) is divided by 10.
0
What is the remainder when 1092 is divided by ((-52)/156)/((-2)/(-30)) - -78?
70
Suppose 5*v - 10 = -4*a + 44, -3*a - 2*v = -44. Let m = 203 - -642. What is the remainder when m is divided by a?
13
Calculate the remainder when 593 is divided by 15*7*(-52)/(-420).
8
Let s be 36 - (1 - 0 - 1). Suppose 31 - s = u. What is the remainder when 5/u*(-27 - 2) is divided by 6?
5
Suppose -k + 0*k = 0. Suppose v + 7*o - 26 - 62 = 0, 111 = 3*v + 4*o. Calculate the remainder when k + 75 + 6/(-2) is divided by v.
22
Let i = -747 - -747. Suppose 252 = 4*g - 5*o, 3*g + 0*o + 2*o - 212 = i. What is the remainder when 268 is divided by g?
64
Suppose 5*v = 15 + 5. Suppose -33 = d - v*d. Suppose -2*q - 176 = -171*p + 167*p, -4*p + 170 = -q. Calculate the remainder when p is divided by d.
8
Let t(a) = a**2 + a - 7. Let l(m) = 2*m**2 + 147*m + 2410. What is the remainder when l(-24) is divided by t(-5)?
8
Suppose a + 63 = 66, 0 = -6*j + 3*a + 1299. What is the remainder when j is divided by 74?
70
Let v = -2545 - -2610. What is the remainder when 8448 is divided by v?
63
Let p(v) = v + 22. Suppose 0 = h + 1, 5*h + 63 = -5*r - 12. Calculate the remainder when -74*((-1)/(-2) - 1) is divided by p(r).
5
Let b(k) = -4*k - 7. Let c be b(-3). What is the remainder when 8/12*42/4 is divided by c/2 + 2/4?
1
Let m be (-10 - -2)*(-2 - 0). Let x(u) = -u - 5*u + m*u - 2. What is the remainder when 69 is divided by x(2)?
15
Suppose 4021*d = 3235*d + 25938. Suppose -5*f + f + 372 = 4*b, -2*f + 477 = 5*b. Calculate the remainder when b is divided by d.
31
Let y(r) = 920*r + 6478. What is the remainder when 109 is divided by y(-7)?
33
Calculate the remainder when 1626 is divided by -2 + (-4)/(-2) + 10 + 0.
6
Let x = 685 - 488. Let q be 9*-1*(-3 + 10). Let y = q - -103. Calculate the remainder when x is divided by y.
37
Suppose 38*g + 61*g + 35*g = 21038. Let r = 79 - 26. Calculate the remainder when g is divided by r.
51
Suppose 4*g - o - 18 = 3*g, 2*g - o - 33 = 0. What is the remainder when 173 is divided by (250/g)/(2/3)?
23
Suppose 7*j - 4835 + 428 = 2313. What is the remainder when j is divided by 3?
0
S